{"id":538,"date":"2014-05-05T03:31:24","date_gmt":"2014-05-05T03:31:24","guid":{"rendered":"https:\/\/casit.bgsu.edu\/midamericanreview\/?page_id=538"},"modified":"2014-05-05T03:31:24","modified_gmt":"2014-05-05T03:31:24","slug":"volume-xxvii-no-1","status":"publish","type":"page","link":"https:\/\/casit.bgsu.edu\/midamericanreview\/volume-xxvii-no-1\/","title":{"rendered":"Volume XXVII, No. 1"},"content":{"rendered":"<table width=\"100%\">\n<tbody>\n<tr valign=\"top\">\n<td width=\"45%\"><center><a href=\"https:\/\/casit.bgsu.edu\/midamericanreview\/wp-content\/uploads\/2014\/04\/a27-1.jpg\"><img loading=\"lazy\" decoding=\"async\" class=\"alignnone  wp-image-327\" alt=\"a27-1\" src=\"https:\/\/casit.bgsu.edu\/midamericanreview\/wp-content\/uploads\/2014\/04\/a27-1-200x300.jpg\" width=\"120\" height=\"180\" srcset=\"https:\/\/casit.bgsu.edu\/midamericanreview\/wp-content\/uploads\/2014\/04\/a27-1-200x300.jpg 200w, https:\/\/casit.bgsu.edu\/midamericanreview\/wp-content\/uploads\/2014\/04\/a27-1-683x1024.jpg 683w, https:\/\/casit.bgsu.edu\/midamericanreview\/wp-content\/uploads\/2014\/04\/a27-1.jpg 824w\" sizes=\"auto, (max-width: 120px) 100vw, 120px\" \/><\/a><\/p>\n<p>Fall 2006<br \/>\n<span style=\"font-size: medium;\">Cover Art:\u00a0Gail Marcus Orlen:<br \/>\n<i>The Passing of Time # 1<\/i><br \/>\n<\/span><\/p>\n<p><\/center><center><span style=\"font-family: Garamond;\">Cover design by Mark Daley &amp; Michael Czyzniejewski<\/span><\/center><\/td>\n<\/tr>\n<\/tbody>\n<\/table>\n<table>\n<tbody>\n<tr>\n<td width=\"55%\">\n<h2>Table of Contents<\/h2>\n<p><b>Fiction<\/b><br \/>\nColleen Curran &#8220;The Girl Who Drank Lye&#8221;<br \/>\nJason Ockert &#8220;Piebald&#8221;<br \/>\nTodd James Pierce &#8220;The Yoshi Compound: A Story of Post-Waco Texas&#8221;<br \/>\nRebecca Rasmussen &#8220;Partway&#8221;<\/p>\n<p><b>Poetry<\/b><br \/>\nLaurie Blauner &#8220;All Talk&#8221;<br \/>\nMelanie Carter &#8220;Songs&#8221;<br \/>\nHenrietta Goodman Chaussee &#8220;Ars Poetica&#8221;<br \/>\nTenaya Darlington Two Poems<br \/>\nMike Dockins &#8220;Counting Sheep&#8221;<br \/>\nSean Thomas Dougherty Two Poems<br \/>\nJack Martin Dialectic Apiarism<br \/>\nRebecca Morgan Frank Two Poems<br \/>\nBetsy Johnson-Miller &#8220;Conversation With a Doe on County Road 135&#8221;<br \/>\nElizabeth Knapp Three Poems<br \/>\nMelissa Koosmann &#8220;The Hangman&#8217;s Daughter&#8221;<br \/>\nGerry LaFemina &#8220;The Hare&#8221;<br \/>\nJack Martin &#8220;Dialectic Apiarism&#8221;<br \/>\nShara McCallum &#8220;Dear History&#8221;<br \/>\nBill Rasmovicz &#8220;Crows&#8221;<br \/>\nLeslie Shipman &#8220;The Great Sadness&#8221;<br \/>\nDavid Wagoner &#8220;The First Movie&#8221;<br \/>\nPatrick Whitfill &#8220;This Winter&#8221;<br \/>\nLaurie Zimmerman &#8220;Jairus&#8217; Daughter&#8221;<\/p>\n<p><b>Nonfiction<\/b><br \/>\nYasbel Fernandez-Acuna &#8220;Ghost Story&#8221;<br \/>\nVishwas R. Gaitonde &#8220;The Graveyard of Doubt&#8221;<br \/>\nPappi Thomas &#8220;The Right Floor&#8221;<\/p>\n<p><b>The 2006 Fineline Competition<\/b><br \/>\nFirst Prize: Ariana-Sophia Kartsonis &#8220;Fish-Eye&#8221;<br \/>\nEditors&#8217; Choice: Ariana-Sophia Kartsonis &#8220;Dear Rainer Maria Rilke,&#8221;<br \/>\nEditors&#8217; Choice: Gary Leising &#8220;Dolphinese&#8221;<br \/>\nEditors&#8217; Choice: J. Allyn Rosser &#8220;Quick Little T\u00eate-\u00e1-T\u00eate With My Soul at the Car Wash&#8221;<br \/>\nEditors&#8217; Choice: Eliot Khalil Wilson &#8220;Chuck Norris<\/p>\n<p><strong>The 2006 Associated Writing Programs Intro Journals Award<\/strong><br \/>\nGavin Adair &#8220;Fire in the Streets&#8221;<br \/>\nNancy Loewen &#8220;Harvest&#8221;<\/p>\n<p><b>Translation Chapbook<\/b><br \/>\nV\u00edctor Rodr\u00edguez N\u00fa\u00f1ez &#8220;At the Point of Bursting&#8221;<br \/>\nTranslated from the Spanish by Katherine M. Hedeen<\/p>\n<p><b>Featured Poet<\/b><br \/>\nPaisley Rekdal &#8220;The Parable of Proteus&#8221;<\/p>\n<p><b>Translations<\/b><br \/>\nXue Di &#8220;Crows&#8221;<br \/>\nTranslated from the Chinese by Wang Ping and Keith Waldrop<\/p>\n<p>David Huerta &#8220;Machinery&#8221;<br \/>\nTranslated from the Spanish by Nick Hill<\/p>\n<p><b>What We&#8217;re Reading<\/b><br \/>\n<i>Annus Mirabilis<\/i>\u00a0by Sally Bell<br \/>\n<i>Girls in Peril\u00a0<\/i>by Karen Lee Boren<br \/>\n<i>The Totality for Kids\u00a0<\/i>by Joshua Clover<br \/>\n<i>Lives of Mapmakers\u00a0<\/i>by Alicia L. Conroy<br \/>\n<i>The Burning of Troy\u00a0<\/i>by Richard Foerster<br \/>\n<i>When All Is Said and Done\u00a0<\/i>by Robert Hill<br \/>\n<i>Pieces of Air in the Epic\u00a0<\/i>by Brenda Hillman<br \/>\n<i>Newsworld\u00a0<\/i>by Todd James Pierce<br \/>\n<i>A Near-Perfect Gift\u00a0<\/i>by R.M. Kinder<br \/>\n<i>Landscapes I and II\u00a0<\/i>by Lesle Lewis<br \/>\n<i>Between Here and the Yellow Sea\u00a0<\/i>by Nic Pizzolatto<br \/>\n<i>The Hanging in the Foaling Barn\u00a0<\/i>by Susan Starr Richards<br \/>\n<i>A Little White Shadow\u00a0<\/i>by Mary Ruefle<br \/>\n<i>Interstices\u00a0<\/i>by Laurelyn Whit<\/td>\n<\/tr>\n<\/tbody>\n<\/table>\n","protected":false},"excerpt":{"rendered":"<p>Fall 2006 Cover Art:\u00a0Gail Marcus Orlen: The Passing of Time # 1 Cover design by Mark Daley &amp; Michael Czyzniejewski&hellip; <\/p>\n","protected":false},"author":2,"featured_media":0,"parent":0,"menu_order":0,"comment_status":"open","ping_status":"open","template":"","meta":{"footnotes":""},"class_list":["post-538","page","type-page","status-publish","hentry"],"_links":{"self":[{"href":"https:\/\/casit.bgsu.edu\/midamericanreview\/wp-json\/wp\/v2\/pages\/538","targetHints":{"allow":["GET"]}}],"collection":[{"href":"https:\/\/casit.bgsu.edu\/midamericanreview\/wp-json\/wp\/v2\/pages"}],"about":[{"href":"https:\/\/casit.bgsu.edu\/midamericanreview\/wp-json\/wp\/v2\/types\/page"}],"author":[{"embeddable":true,"href":"https:\/\/casit.bgsu.edu\/midamericanreview\/wp-json\/wp\/v2\/users\/2"}],"replies":[{"embeddable":true,"href":"https:\/\/casit.bgsu.edu\/midamericanreview\/wp-json\/wp\/v2\/comments?post=538"}],"version-history":[{"count":1,"href":"https:\/\/casit.bgsu.edu\/midamericanreview\/wp-json\/wp\/v2\/pages\/538\/revisions"}],"predecessor-version":[{"id":539,"href":"https:\/\/casit.bgsu.edu\/midamericanreview\/wp-json\/wp\/v2\/pages\/538\/revisions\/539"}],"wp:attachment":[{"href":"https:\/\/casit.bgsu.edu\/midamericanreview\/wp-json\/wp\/v2\/media?parent=538"}],"curies":[{"name":"wp","href":"https:\/\/api.w.org\/{rel}","templated":true}]}}